t is 122212100001 + 0?
122212100001
In base 9, what is 63423 + 21?
63444
In base 15, what is -18 - 86b7?
-86d0
In base 5, what is 121 - 1424?
-1303
In base 2, what is 1100100001 + 100111010?
10001011011
In base 6, what is -2022 - -354?
-1224
In base 2, what is 100101111011 + -10000111111?
10100111100
In base 12, what is -24b67 + -2?
-24b69
In base 4, what is 103033011 + -1?
103033010
In base 2, what is 101010000111110001010 + 101?
101010000111110001111
In base 13, what is -2 - 6c2a?
-6c2c
In base 3, what is -11020111210 + -11?
-11020111221
In base 10, what is 383072 + 0?
383072
In base 13, what is 7 - -377?
381
In base 2, what is 10101111 + 10001110100?
10100100011
In base 10, what is -3331 - -80?
-3251
In base 9, what is 0 + 6726?
6726
In base 11, what is -7100 - -17?
-7094
In base 14, what is 1d361c - -1?
1d361d
In base 9, what is 328666 + 5?
328672
In base 4, what is -212 + -33032?
-33310
In base 16, what is a4 + 4f?
f3
In base 5, what is 232244 - -210?
233004
In base 16, what is -14 - 108ea?
-108fe
In base 3, what is 2000112221 + 1222?
2000121220
In base 8, what is 62 - 41544?
-41462
In base 16, what is -a - 154d?
-1557
In base 14, what is d + -45dc?
-45cd
In base 5, what is 1002 + 11121?
12123
In base 12, what is -15 + -820b?
-8224
In base 13, what is 1354 + -479?
ba8
In base 12, what is -386 - -3853?
3489
In base 13, what is 3c - b82?
-b43
In base 5, what is -114421 - -112?
-114304
In base 6, what is -330112 + -1?
-330113
In base 7, what is 4 - -31645?
31652
In base 4, what is -103212 + -1130?
-111002
In base 13, what is 155c + -1a?
1542
In base 16, what is -a361 + 4?
-a35d
In base 11, what is 28840 - -18?
28858
In base 9, what is -32 + 11206?
11164
In base 13, what is 3 - 66466?
-66463
In base 4, what is -32020 + -212?
-32232
In base 3, what is -1001100120011 - -2?
-1001100120002
In base 12, what is -b05 - 3?
-b08
In base 3, what is -1111201012 - -1?
-1111201011
In base 9, what is -1460 - 33?
-1503
In base 3, what is 1121110110 + -12?
1121110021
In base 9, what is 472 - -221?
703
In base 10, what is 47422 - 1?
47421
In base 12, what is 7048 - 151?
6ab7
In base 14, what is -5 + 2714?
270d
In base 13, what is -75632 + -3?
-75635
In base 11, what is -46990a - 1?
-469910
In base 7, what is 243 - -2542?
3115
In base 10, what is -726 - -12?
-714
In base 9, what is -10 + 114?
104
In base 2, what is 101 - -110110001011011?
110110001100000
In base 7, what is 13 + 120025?
120041
In base 15, what is -566 - 3b?
-5a2
In base 14, what is -a0c2 + -b?
-a0cd
In base 6, what is -41 + -22314?
-22355
In base 6, what is -1553220 - 2?
-1553222
In base 15, what is 1 - e24c?
-e24b
In base 7, what is -2 - 43246?
-43251
In base 6, what is 1550005 + 5?
1550014
In base 16, what is e + -b23?
-b15
In base 6, what is 4 - 52211150?
-52211142
In base 10, what is 97 - -4?
101
In base 8, what is 200346 + 5?
200353
In base 9, what is -1408 - -1807?
388
In base 8, what is -55 + 23511?
23434
In base 15, what is 8 - -153a2?
153aa
In base 9, what is 270 - 1765?
-1485
In base 9, what is 437 - 148?
278
In base 3, what is 1 - 201201010120?
-201201010112
In base 2, what is 110 + 100110001001010?
100110001010000
In base 4, what is 1 - -3213132?
3213133
In base 3, what is 1101221012 + 10?
1101221022
In base 8, what is 1 - -26216?
26217
In base 10, what is 1 + -37315?
-37314
In base 9, what is 4880 - 216?
4663
In base 12, what is -5 + 4a75b?
4a756
In base 9, what is -34018 + -1?
-34020
In base 6, what is -35011 + 12?
-34555
In base 2, what is 100000010101 + 110111?
100001001100
In base 9, what is -4 + -60675?
-60680
In base 14, what is -33 + 15d3?
15a0
In base 4, what is 3223 - -200233?
210122
In base 3, what is -201020 - -112?
-200201
In base 13, what is -22 - -418c?
416a
In base 12, what is 10563b + -3?
105638
In base 12, what is 110 + -358a?
-347a
In base 5, what is -34132 - 33014?
-122201
In base 16, what is 549f - 2?
549d
In base 4, what is -10321112200 - -1?
-10321112133
In base 10, what is 263 + 9?
272
In base 11, what is -aa + 398?
299
In base 11, what is -26339 - 31?
-2636a
In base 14, what is -2 + 69d2?
69d0
In base 2, what is 11 + 10000011101111?
10000011110010
In base 7, what is 2235 - 0?
2235
In base 7, what is 65414 - -1?
65415
In base 8, what is -133 - 4074?
-4227
In base 8, what is -4 + -522771?
-522775
In base 2, what is 10000001101100 - -11100?
10000010001000
In base 2, what is -1001101011 + 10011111101?
1010010010
In base 10, what is -618 + 16?
-602
In base 2, what is -10110 + -10010111011110100?
-10010111100001010
In base 3, what is -1010211 + 1111?
-1002100
In base 14, what is 2357 - -3?
235a
In base 4, what is -212021 - -131?
-211230
In base 14, what is 121 - 185?
-64
In base 15, what is -1b + c9a?
c7e
In base 7, what is 60 - -2220?
2310
In base 8, what is 10 - 2027643?
-2027633
In base 16, what is -2b + 4fb8?
4f8d
In base 11, what is 358 + -91?
277
In base 7, what is 2 + 2320?
2322
In base 12, what is 1866 - -3?
1869
In base 7, what is 113 - 1012?
-566
In base 5, what is 30221 - 20?
30201
In base 15, what is -40323 - -4?
-4031e
In base 4, what is -11220000 + 10?
-11213330
In base 12, what is 7 + 749?
754
In base 3, what is 2202 - -1000001?
1002210
In base 11, what is 666 + 35?
6a0
In base 9, what is 0 - 42587?
-42587
In base 15, what is 11d0d + 22?
11d30
In base 9, what is 22 + 22556?
22578
In base 5, what is 1 - -10232104?
10232110
In base 2, what is 10101 + -11000011101?
-11000001000
In base 9, what is 7 + 35483?
35501
In base 2, what is 1100110000100000 - 100?
1100110000011100
In base 3, what is -2101001 - 2120?
-2110121
In base 5, what is 1422320 + 2?
1422322
In base 6, what is -1042214 - -3?
-1042211
In base 5, what is -141212 - 30?
-141242
In base 6, what is 25341 + 320?
30101
In base 13, what is -298a - -6?
-2984
In base 4, what is -10 + -1032110?
-1032120
In base 2, what is 100100010100 - 100011?
100011110001
In base 14, what is 17dda + -5?
17dd5
In base 2, what is -1010000 - 1001011001001?
-1001100011001
In base 13, what is -5a42a - 1?
-5a42b
In base 15, what is -bbc - 3?
-bc0
In base 16, what is -3 + -1ad4f?
-1ad52
In base 4, what is -32023312 - 11?
-32023323
In base 7, what is -54601 - 36?
-54640
In base 7, what is -6 + 21202316?
21202310
In base 15, what is da + 2c?
117
In base 6, what is 2202435 + 5?
2202444
In base 12, what is 2 - -79a07?
79a09
In base 13, what is 2843 - -86?
28c9
In base 15, what is -245a - -ce?
-237b
In base 7, what is -210430363 - 1?
-210430364
In base 9, what is 287 - -121?
418
In base 14, what is 1 + -3482b?
-3482a
In base 3, what is -10 + -121200111222?
-121200112002
In base 9, what is -141 + -172?
-323
In base 13, what is 1291 - 0?
1291
In base 9, what is -81 + -12515?
-12606
In base 16, what is 1 - -17c0?
17c1
In base 9, what is -1722416 - -1?
-1722415
In base 7, what is -215 - -160?
-25
In base 2, what is -100010 + 101011101110011?
101011101010001
In base 16, what is -5 + -17a?
-17f
In base 15, what is 6 - 101b3d?
-101b37
In base 12, what is 18 - 1533?
-1517
In base 3, what is -22101110011 - 0?
-22101110011
In base 8, what is 4 - 1122036?
-1122032
In base 6, what is 41402 + -1?
41401
In base 7, what is 545262 - 4?
545255
In base 11, what is -298722 - -4?
-298719
In base 10, what is 31287 + 0?
31287
In base 7, what is -1 + -11526321?
-11526322
In base 3, what is 1022010111 - -1?
1022010112
In base 5, what is -11243103441 + 4?
-11243103432
In base 10, what is -783 - -1439?
656
In base 8, what is -27 - -54207?
54160
In base 5, what is 341 - -1002?
1343
In base 6, what is 15502 + -35?
15423
In base 14, what is -2ac2 - 4?
-2ac6
In base 7, what is -1665 + 3462?
1464
In base 10, what is -5 + 5900?
5895
In base 5, what is -2 + -311433213?
-311433220
In base 16, what is -57a3 - 6?
-57a9
In base 2, what is -1111101010 + -1?
-1111101011
In base 12, what is 2 - -1a3b5?
1a3b7
In base 11, what is 61a62 + 2?
61a64
In base 13, what is 0 + 6a38a?
6a38a
In base 4, what is 10 - -113111021?
113111031
In base 12, what is -a870 - 1?
-a871
In base 16, what is 5 + 127d6?
127db
In base 13, what is b2 + a4?
186
In base 16, what is -3 - -aab9?
aab6
In base 5, what is 43312 - 122?
43140
In base 3, what is 100212 + -1022020?
-221101
In base 10, what is -588 + 2?
-586
In base 13, what is -26522 + 5?
-2651a
In base 6, what is -1533 - -443?
-1050
